{"id":1358,"date":"2021-02-02T08:23:02","date_gmt":"2021-02-02T08:23:02","guid":{"rendered":"https:\/\/psychologue-bouvard.fr\/?page_id=1358"},"modified":"2025-09-17T09:14:40","modified_gmt":"2025-09-17T07:14:40","slug":"pourquoi","status":"publish","type":"page","link":"https:\/\/psychologue-bouvard.fr\/?page_id=1358","title":{"rendered":"Pourquoi ?"},"content":{"rendered":"\t\t<div data-elementor-type=\"wp-page\" data-elementor-id=\"1358\" class=\"elementor elementor-1358\">\n\t\t\t\t\t\t<section class=\"elementor-section elementor-top-section elementor-element elementor-element-800f5d6 elementor-section-height-min-height elementor-section-boxed elementor-section-height-default elementor-section-items-middle\" data-id=\"800f5d6\" data-element_type=\"section\" data-settings=\"{&quot;background_background&quot;:&quot;classic&quot;}\">\n\t\t\t\t\t\t<div class=\"elementor-container elementor-column-gap-no\">\n\t\t\t\t\t<div class=\"elementor-column elementor-col-100 elementor-top-column elementor-element elementor-element-5088eb9\" data-id=\"5088eb9\" data-element_type=\"column\">\n\t\t\t<div class=\"elementor-widget-wrap elementor-element-populated\">\n\t\t\t\t\t\t<div class=\"elementor-element elementor-element-05d3aba elementor-widget elementor-widget-heading\" data-id=\"05d3aba\" data-element_type=\"widget\" data-widget_type=\"heading.default\">\n\t\t\t\t<div class=\"elementor-widget-container\">\n\t\t\t\t\t<h2 class=\"elementor-heading-title elementor-size-default\">Pourquoi ?<\/h2>\t\t\t\t<\/div>\n\t\t\t\t<\/div>\n\t\t\t\t<div class=\"elementor-element elementor-element-003604a elementor-widget-divider--view-line elementor-widget elementor-widget-divider\" data-id=\"003604a\" data-element_type=\"widget\" data-widget_type=\"divider.default\">\n\t\t\t\t<div class=\"elementor-widget-container\">\n\t\t\t\t\t\t\t<div class=\"elementor-divider\">\n\t\t\t<span class=\"elementor-divider-separator\">\n\t\t\t\t\t\t<\/span>\n\t\t<\/div>\n\t\t\t\t\t\t<\/div>\n\t\t\t\t<\/div>\n\t\t\t\t\t<\/div>\n\t\t<\/div>\n\t\t\t\t\t<\/div>\n\t\t<\/section>\n\t\t<div class=\"elementor-element elementor-element-9af36de e-flex e-con-boxed e-con e-parent\" data-id=\"9af36de\" data-element_type=\"container\" data-settings=\"{&quot;background_background&quot;:&quot;classic&quot;}\">\n\t\t\t\t\t<div class=\"e-con-inner\">\n\t\t\t\t<div class=\"elementor-element elementor-element-9051275 elementor-widget__width-initial elementor-widget elementor-widget-heading\" data-id=\"9051275\" data-element_type=\"widget\" data-widget_type=\"heading.default\">\n\t\t\t\t<div class=\"elementor-widget-container\">\n\t\t\t\t\t<h5 class=\"elementor-heading-title elementor-size-default\">Toutes les raisons sont bonnes pour consulter un\/e psychologue, si vous en ressentez l'envie ou le besoin, faites vous confiance ! <\/h5>\t\t\t\t<\/div>\n\t\t\t\t<\/div>\n\t\t\t\t<div class=\"elementor-element elementor-element-dad9607 elementor-widget-divider--view-line elementor-widget elementor-widget-divider\" data-id=\"dad9607\" data-element_type=\"widget\" data-widget_type=\"divider.default\">\n\t\t\t\t<div class=\"elementor-widget-container\">\n\t\t\t\t\t\t\t<div class=\"elementor-divider\">\n\t\t\t<span class=\"elementor-divider-separator\">\n\t\t\t\t\t\t<\/span>\n\t\t<\/div>\n\t\t\t\t\t\t<\/div>\n\t\t\t\t<\/div>\n\t\t\t\t\t<\/div>\n\t\t\t\t<\/div>\n\t\t<div class=\"elementor-element elementor-element-4a336eb e-flex e-con-boxed e-con e-parent\" data-id=\"4a336eb\" data-element_type=\"container\" data-settings=\"{&quot;background_background&quot;:&quot;classic&quot;}\">\n\t\t\t\t\t<div class=\"e-con-inner\">\n\t\t<div class=\"elementor-element elementor-element-2f9304c e-con-full e-flex e-con e-child\" data-id=\"2f9304c\" data-element_type=\"container\">\n\t\t\t\t<div class=\"elementor-element elementor-element-a0e1e47 elementor-widget elementor-widget-heading\" data-id=\"a0e1e47\" data-element_type=\"widget\" data-widget_type=\"heading.default\">\n\t\t\t\t<div class=\"elementor-widget-container\">\n\t\t\t\t\t<h6 class=\"elementor-heading-title elementor-size-default\">Pourquoi consulter un psychologue ?<\/h6>\t\t\t\t<\/div>\n\t\t\t\t<\/div>\n\t\t\t\t<div class=\"elementor-element elementor-element-679ff56 elementor-widget elementor-widget-text-editor\" data-id=\"679ff56\" data-element_type=\"widget\" data-widget_type=\"text-editor.default\">\n\t\t\t\t<div class=\"elementor-widget-container\">\n\t\t\t\t\t\t\t\t\t<p><\/p>\n<p>Voici tout de m\u00eame quelques exemples de difficult\u00e9s qui peuvent vous amener \u00e0 consulter (la liste n&#8217;est bien s\u00fbr pas exhaustive):<\/p>\n<ul>\n<li>anxi\u00e9t\u00e9, stress, crise d&#8217;angoisse<\/li>\n<li>sentiment de vide, perte de sens, difficult\u00e9 \u00e0 se mettre \u00e0 la t\u00e2che, tristesse, perte d&#8217;\u00e9lan<\/li>\n<li>flashs-back, cauchemars, hyper-vigilance<\/li>\n<li>difficult\u00e9s relationnelles, conflits, relations insatisfaisantes, peurs en relations<\/li>\n<li>Tocs<\/li>\n<li>envie de mieux se conna\u00eetre, se comprendre et s&#8217;accepter<\/li>\n<\/ul>\n<p>Pour les enfants et les adolescents, les signes d&#8217;un mal-\u00eatre peuvent se manifester diff\u00e9remment:<\/p>\n<ul>\n<li>troubles du comportement (opposition, cris, pleurs, agressivit\u00e9 envers les autres)&#8230;<\/li>\n<li>repli sur soi: changement de comportement par rapport au comportement ant\u00e9rieur<\/li>\n<li>changement dans les relations avec ses pairs: davantage de conflits, impression ou r\u00e9alit\u00e9 de ne plus avoir d&#8217;amis<\/li>\n<li>r\u00e9gression des apprentissages (de la vie quotidienne, du langage ou scolaire)<\/li>\n<li>somatisations (maux de ventre ou de t\u00eate ou autre avant d&#8217;aller \u00e0 l&#8217;\u00e9cole par exemple).<\/li>\n<\/ul>\n<p>Toutes les raisons sont bonnes pour consulter un\/e psychologue; que se soit un besoin face \u00e0 une difficult\u00e9 ponctuelle ou face \u00e0 une probl\u00e9matique plus ancr\u00e9e ou encore une envie de mieux vous conna\u00eetre.&nbsp;<\/p>\t\t\t\t\t\t\t\t<\/div>\n\t\t\t\t<\/div>\n\t\t\t\t<\/div>\n\t\t<div class=\"elementor-element elementor-element-85a7367 e-con-full e-flex e-con e-child\" data-id=\"85a7367\" data-element_type=\"container\">\n\t\t\t\t<div class=\"elementor-element elementor-element-3d889a7 elementor-widget__width-initial elementor-widget elementor-widget-image\" data-id=\"3d889a7\" data-element_type=\"widget\" data-widget_type=\"image.default\">\n\t\t\t\t<div class=\"elementor-widget-container\">\n\t\t\t\t\t\t\t\t\t\t\t\t\t\t\t<img fetchpriority=\"high\" decoding=\"async\" width=\"512\" height=\"512\" src=\"https:\/\/psychologue-bouvard.fr\/wp-content\/uploads\/2025\/09\/bouvard_psychologue_pourquoi.jpg\" class=\"attachment-large size-large wp-image-1833\" alt=\"Pourquoi Bouvard Psychologue\" srcset=\"https:\/\/psychologue-bouvard.fr\/wp-content\/uploads\/2025\/09\/bouvard_psychologue_pourquoi.jpg 512w, https:\/\/psychologue-bouvard.fr\/wp-content\/uploads\/2025\/09\/bouvard_psychologue_pourquoi-300x300.jpg 300w, https:\/\/psychologue-bouvard.fr\/wp-content\/uploads\/2025\/09\/bouvard_psychologue_pourquoi-150x150.jpg 150w\" sizes=\"(max-width: 512px) 100vw, 512px\" \/>\t\t\t\t\t\t\t\t\t\t\t\t\t\t\t<\/div>\n\t\t\t\t<\/div>\n\t\t\t\t<\/div>\n\t\t\t\t\t<\/div>\n\t\t\t\t<\/div>\n\t\t\t\t<\/div>\n\t\t","protected":false},"excerpt":{"rendered":"<p>Pourquoi ? Toutes les raisons sont bonnes pour consulter un\/e psychologue, si vous en ressentez l&#8217;envie ou le besoin, faites vous confiance ! Pourquoi consulter un psychologue ? Voici tout de m\u00eame quelques exemples de difficult\u00e9s qui peuvent vous amener \u00e0 consulter (la liste n&#8217;est bien s\u00fbr pas exhaustive): anxi\u00e9t\u00e9, stress, crise d&#8217;angoisse sentiment de [&hellip;]<\/p>\n","protected":false},"author":1,"featured_media":0,"parent":0,"menu_order":0,"comment_status":"closed","ping_status":"closed","template":"elementor_header_footer","meta":{"om_disable_all_campaigns":false,"_monsterinsights_skip_tracking":false,"_monsterinsights_sitenote_active":false,"_monsterinsights_sitenote_note":"","_monsterinsights_sitenote_category":0,"site-sidebar-layout":"no-sidebar","site-content-layout":"page-builder","ast-site-content-layout":"full-width-container","site-content-style":"unboxed","site-sidebar-style":"unboxed","ast-global-header-display":"","ast-banner-title-visibility":"","ast-main-header-display":"","ast-hfb-above-header-display":"","ast-hfb-below-header-display":"","ast-hfb-mobile-header-display":"","site-post-title":"","ast-breadcrumbs-content":"disabled","ast-featured-img":"disabled","footer-sml-layout":"","theme-transparent-header-meta":"enabled","adv-header-id-meta":"","stick-header-meta":"","header-above-stick-meta":"","header-main-stick-meta":"","header-below-stick-meta":"","astra-migrate-meta-layouts":"set","ast-page-background-enabled":"default","ast-page-background-meta":{"desktop":{"background-color":"","background-image":"","background-repeat":"repeat","background-position":"center center","background-size":"auto","background-attachment":"scroll","background-type":"","background-media":"","overlay-type":"","overlay-color":"","overlay-opacity":"","overlay-gradient":""},"tablet":{"background-color":"","background-image":"","background-repeat":"repeat","background-position":"center center","background-size":"auto","background-attachment":"scroll","background-type":"","background-media":"","overlay-type":"","overlay-color":"","overlay-opacity":"","overlay-gradient":""},"mobile":{"background-color":"","background-image":"","background-repeat":"repeat","background-position":"center center","background-size":"auto","background-attachment":"scroll","background-type":"","background-media":"","overlay-type":"","overlay-color":"","overlay-opacity":"","overlay-gradient":""}},"ast-content-background-meta":{"desktop":{"background-color":"var(--ast-global-color-5)","background-image":"","background-repeat":"repeat","background-position":"center center","background-size":"auto","background-attachment":"scroll","background-type":"","background-media":"","overlay-type":"","overlay-color":"","overlay-opacity":"","overlay-gradient":""},"tablet":{"background-color":"var(--ast-global-color-5)","background-image":"","background-repeat":"repeat","background-position":"center center","background-size":"auto","background-attachment":"scroll","background-type":"","background-media":"","overlay-type":"","overlay-color":"","overlay-opacity":"","overlay-gradient":""},"mobile":{"background-color":"var(--ast-global-color-5)","background-image":"","background-repeat":"repeat","background-position":"center center","background-size":"auto","background-attachment":"scroll","background-type":"","background-media":"","overlay-type":"","overlay-color":"","overlay-opacity":"","overlay-gradient":""}},"_themeisle_gutenberg_block_has_review":false,"footnotes":""},"class_list":["post-1358","page","type-page","status-publish","hentry"],"aioseo_notices":[],"yoast_head":"<!-- This site is optimized with the Yoast SEO plugin v25.9 - https:\/\/yoast.com\/wordpress\/plugins\/seo\/ -->\n<title>Pourquoi ? - psychologue-bouvard.fr<\/title>\n<meta name=\"robots\" content=\"index, follow, max-snippet:-1, max-image-preview:large, max-video-preview:-1\" \/>\n<link rel=\"canonical\" href=\"https:\/\/psychologue-bouvard.fr\/?page_id=1358\" \/>\n<meta property=\"og:locale\" content=\"en_US\" \/>\n<meta property=\"og:type\" content=\"article\" \/>\n<meta property=\"og:title\" content=\"Pourquoi ? - psychologue-bouvard.fr\" \/>\n<meta property=\"og:description\" content=\"Pourquoi ? Toutes les raisons sont bonnes pour consulter un\/e psychologue, si vous en ressentez l&#8217;envie ou le besoin, faites vous confiance ! Pourquoi consulter un psychologue ? Voici tout de m\u00eame quelques exemples de difficult\u00e9s qui peuvent vous amener \u00e0 consulter (la liste n&#8217;est bien s\u00fbr pas exhaustive): anxi\u00e9t\u00e9, stress, crise d&#8217;angoisse sentiment de [&hellip;]\" \/>\n<meta property=\"og:url\" content=\"https:\/\/psychologue-bouvard.fr\/?page_id=1358\" \/>\n<meta property=\"og:site_name\" content=\"psychologue-bouvard.fr\" \/>\n<meta property=\"article:modified_time\" content=\"2025-09-17T07:14:40+00:00\" \/>\n<meta property=\"og:image\" content=\"https:\/\/psychologue-bouvard.fr\/wp-content\/uploads\/2025\/09\/bouvard_psychologue_pourquoi.jpg\" \/>\n\t<meta property=\"og:image:width\" content=\"512\" \/>\n\t<meta property=\"og:image:height\" content=\"512\" \/>\n\t<meta property=\"og:image:type\" content=\"image\/jpeg\" \/>\n<meta name=\"twitter:card\" content=\"summary_large_image\" \/>\n<meta name=\"twitter:label1\" content=\"Est. reading time\" \/>\n\t<meta name=\"twitter:data1\" content=\"2 minutes\" \/>\n<script type=\"application\/ld+json\" class=\"yoast-schema-graph\">{\"@context\":\"https:\/\/schema.org\",\"@graph\":[{\"@type\":\"WebPage\",\"@id\":\"https:\/\/psychologue-bouvard.fr\/?page_id=1358\",\"url\":\"https:\/\/psychologue-bouvard.fr\/?page_id=1358\",\"name\":\"Pourquoi ? - psychologue-bouvard.fr\",\"isPartOf\":{\"@id\":\"https:\/\/psychologue-bouvard.fr\/#website\"},\"primaryImageOfPage\":{\"@id\":\"https:\/\/psychologue-bouvard.fr\/?page_id=1358#primaryimage\"},\"image\":{\"@id\":\"https:\/\/psychologue-bouvard.fr\/?page_id=1358#primaryimage\"},\"thumbnailUrl\":\"https:\/\/psychologue-bouvard.fr\/wp-content\/uploads\/2025\/09\/bouvard_psychologue_pourquoi.jpg\",\"datePublished\":\"2021-02-02T08:23:02+00:00\",\"dateModified\":\"2025-09-17T07:14:40+00:00\",\"breadcrumb\":{\"@id\":\"https:\/\/psychologue-bouvard.fr\/?page_id=1358#breadcrumb\"},\"inLanguage\":\"en-US\",\"potentialAction\":[{\"@type\":\"ReadAction\",\"target\":[\"https:\/\/psychologue-bouvard.fr\/?page_id=1358\"]}]},{\"@type\":\"ImageObject\",\"inLanguage\":\"en-US\",\"@id\":\"https:\/\/psychologue-bouvard.fr\/?page_id=1358#primaryimage\",\"url\":\"https:\/\/psychologue-bouvard.fr\/wp-content\/uploads\/2025\/09\/bouvard_psychologue_pourquoi.jpg\",\"contentUrl\":\"https:\/\/psychologue-bouvard.fr\/wp-content\/uploads\/2025\/09\/bouvard_psychologue_pourquoi.jpg\",\"width\":512,\"height\":512,\"caption\":\"Pourquoi Bouvard Psychologue\"},{\"@type\":\"BreadcrumbList\",\"@id\":\"https:\/\/psychologue-bouvard.fr\/?page_id=1358#breadcrumb\",\"itemListElement\":[{\"@type\":\"ListItem\",\"position\":1,\"name\":\"Home\",\"item\":\"https:\/\/psychologue-bouvard.fr\/\"},{\"@type\":\"ListItem\",\"position\":2,\"name\":\"Pourquoi ?\"}]},{\"@type\":\"WebSite\",\"@id\":\"https:\/\/psychologue-bouvard.fr\/#website\",\"url\":\"https:\/\/psychologue-bouvard.fr\/\",\"name\":\"psychologue-bouvard.fr\",\"description\":\"Psychologue Rennes Bouvard Gabrielle\",\"publisher\":{\"@id\":\"https:\/\/psychologue-bouvard.fr\/#\/schema\/person\/2a564955808101acef67fd43bf689f72\"},\"alternateName\":\"Psychologue Gabrielle BOUVARD\",\"potentialAction\":[{\"@type\":\"SearchAction\",\"target\":{\"@type\":\"EntryPoint\",\"urlTemplate\":\"https:\/\/psychologue-bouvard.fr\/?s={search_term_string}\"},\"query-input\":{\"@type\":\"PropertyValueSpecification\",\"valueRequired\":true,\"valueName\":\"search_term_string\"}}],\"inLanguage\":\"en-US\"},{\"@type\":[\"Person\",\"Organization\"],\"@id\":\"https:\/\/psychologue-bouvard.fr\/#\/schema\/person\/2a564955808101acef67fd43bf689f72\",\"name\":\"psychologue-bouvard.fr\",\"image\":{\"@type\":\"ImageObject\",\"inLanguage\":\"en-US\",\"@id\":\"https:\/\/psychologue-bouvard.fr\/#\/schema\/person\/image\/\",\"url\":\"https:\/\/psychologue-bouvard.fr\/wp-content\/uploads\/2025\/02\/cropped-logoBouvard.png\",\"contentUrl\":\"https:\/\/psychologue-bouvard.fr\/wp-content\/uploads\/2025\/02\/cropped-logoBouvard.png\",\"width\":760,\"height\":760,\"caption\":\"psychologue-bouvard.fr\"},\"logo\":{\"@id\":\"https:\/\/psychologue-bouvard.fr\/#\/schema\/person\/image\/\"},\"sameAs\":[\"http:\/\/psychologue-bouvard.fr\"]}]}<\/script>\n<!-- \/ Yoast SEO plugin. -->","yoast_head_json":{"title":"Pourquoi ? - psychologue-bouvard.fr","robots":{"index":"index","follow":"follow","max-snippet":"max-snippet:-1","max-image-preview":"max-image-preview:large","max-video-preview":"max-video-preview:-1"},"canonical":"https:\/\/psychologue-bouvard.fr\/?page_id=1358","og_locale":"en_US","og_type":"article","og_title":"Pourquoi ? - psychologue-bouvard.fr","og_description":"Pourquoi ? Toutes les raisons sont bonnes pour consulter un\/e psychologue, si vous en ressentez l&#8217;envie ou le besoin, faites vous confiance ! Pourquoi consulter un psychologue ? Voici tout de m\u00eame quelques exemples de difficult\u00e9s qui peuvent vous amener \u00e0 consulter (la liste n&#8217;est bien s\u00fbr pas exhaustive): anxi\u00e9t\u00e9, stress, crise d&#8217;angoisse sentiment de [&hellip;]","og_url":"https:\/\/psychologue-bouvard.fr\/?page_id=1358","og_site_name":"psychologue-bouvard.fr","article_modified_time":"2025-09-17T07:14:40+00:00","og_image":[{"width":512,"height":512,"url":"https:\/\/psychologue-bouvard.fr\/wp-content\/uploads\/2025\/09\/bouvard_psychologue_pourquoi.jpg","type":"image\/jpeg"}],"twitter_card":"summary_large_image","twitter_misc":{"Est. reading time":"2 minutes"},"schema":{"@context":"https:\/\/schema.org","@graph":[{"@type":"WebPage","@id":"https:\/\/psychologue-bouvard.fr\/?page_id=1358","url":"https:\/\/psychologue-bouvard.fr\/?page_id=1358","name":"Pourquoi ? - psychologue-bouvard.fr","isPartOf":{"@id":"https:\/\/psychologue-bouvard.fr\/#website"},"primaryImageOfPage":{"@id":"https:\/\/psychologue-bouvard.fr\/?page_id=1358#primaryimage"},"image":{"@id":"https:\/\/psychologue-bouvard.fr\/?page_id=1358#primaryimage"},"thumbnailUrl":"https:\/\/psychologue-bouvard.fr\/wp-content\/uploads\/2025\/09\/bouvard_psychologue_pourquoi.jpg","datePublished":"2021-02-02T08:23:02+00:00","dateModified":"2025-09-17T07:14:40+00:00","breadcrumb":{"@id":"https:\/\/psychologue-bouvard.fr\/?page_id=1358#breadcrumb"},"inLanguage":"en-US","potentialAction":[{"@type":"ReadAction","target":["https:\/\/psychologue-bouvard.fr\/?page_id=1358"]}]},{"@type":"ImageObject","inLanguage":"en-US","@id":"https:\/\/psychologue-bouvard.fr\/?page_id=1358#primaryimage","url":"https:\/\/psychologue-bouvard.fr\/wp-content\/uploads\/2025\/09\/bouvard_psychologue_pourquoi.jpg","contentUrl":"https:\/\/psychologue-bouvard.fr\/wp-content\/uploads\/2025\/09\/bouvard_psychologue_pourquoi.jpg","width":512,"height":512,"caption":"Pourquoi Bouvard Psychologue"},{"@type":"BreadcrumbList","@id":"https:\/\/psychologue-bouvard.fr\/?page_id=1358#breadcrumb","itemListElement":[{"@type":"ListItem","position":1,"name":"Home","item":"https:\/\/psychologue-bouvard.fr\/"},{"@type":"ListItem","position":2,"name":"Pourquoi ?"}]},{"@type":"WebSite","@id":"https:\/\/psychologue-bouvard.fr\/#website","url":"https:\/\/psychologue-bouvard.fr\/","name":"psychologue-bouvard.fr","description":"Psychologue Rennes Bouvard Gabrielle","publisher":{"@id":"https:\/\/psychologue-bouvard.fr\/#\/schema\/person\/2a564955808101acef67fd43bf689f72"},"alternateName":"Psychologue Gabrielle BOUVARD","potentialAction":[{"@type":"SearchAction","target":{"@type":"EntryPoint","urlTemplate":"https:\/\/psychologue-bouvard.fr\/?s={search_term_string}"},"query-input":{"@type":"PropertyValueSpecification","valueRequired":true,"valueName":"search_term_string"}}],"inLanguage":"en-US"},{"@type":["Person","Organization"],"@id":"https:\/\/psychologue-bouvard.fr\/#\/schema\/person\/2a564955808101acef67fd43bf689f72","name":"psychologue-bouvard.fr","image":{"@type":"ImageObject","inLanguage":"en-US","@id":"https:\/\/psychologue-bouvard.fr\/#\/schema\/person\/image\/","url":"https:\/\/psychologue-bouvard.fr\/wp-content\/uploads\/2025\/02\/cropped-logoBouvard.png","contentUrl":"https:\/\/psychologue-bouvard.fr\/wp-content\/uploads\/2025\/02\/cropped-logoBouvard.png","width":760,"height":760,"caption":"psychologue-bouvard.fr"},"logo":{"@id":"https:\/\/psychologue-bouvard.fr\/#\/schema\/person\/image\/"},"sameAs":["http:\/\/psychologue-bouvard.fr"]}]}},"_links":{"self":[{"href":"https:\/\/psychologue-bouvard.fr\/index.php?rest_route=\/wp\/v2\/pages\/1358","targetHints":{"allow":["GET"]}}],"collection":[{"href":"https:\/\/psychologue-bouvard.fr\/index.php?rest_route=\/wp\/v2\/pages"}],"about":[{"href":"https:\/\/psychologue-bouvard.fr\/index.php?rest_route=\/wp\/v2\/types\/page"}],"author":[{"embeddable":true,"href":"https:\/\/psychologue-bouvard.fr\/index.php?rest_route=\/wp\/v2\/users\/1"}],"replies":[{"embeddable":true,"href":"https:\/\/psychologue-bouvard.fr\/index.php?rest_route=%2Fwp%2Fv2%2Fcomments&post=1358"}],"version-history":[{"count":71,"href":"https:\/\/psychologue-bouvard.fr\/index.php?rest_route=\/wp\/v2\/pages\/1358\/revisions"}],"predecessor-version":[{"id":1879,"href":"https:\/\/psychologue-bouvard.fr\/index.php?rest_route=\/wp\/v2\/pages\/1358\/revisions\/1879"}],"wp:attachment":[{"href":"https:\/\/psychologue-bouvard.fr\/index.php?rest_route=%2Fwp%2Fv2%2Fmedia&parent=1358"}],"curies":[{"name":"wp","href":"https:\/\/api.w.org\/{rel}","templated":true}]}}